 prime factors of 3452009241.
3, 547, 2103601
List the prime factors of 3523770985.
5, 7, 53, 349, 5443
What are the prime factors of 1810321815?
3, 5, 641, 188281
What are the prime factors of 5980501669?
103, 58063123
List the prime factors of 3474025418.
2, 131, 2621, 5059
What are the prime factors of 1295263274?
2, 647631637
What are the prime factors of 5332709125?
5, 31, 103, 431
What are the prime factors of 27974513?
7, 53, 75403
List the prime factors of 237668612.
2, 37, 1605869
What are the prime factors of 1098740931?
3, 241, 787, 1931
List the prime factors of 2958864655.
5, 37, 53, 523, 577
What are the prime factors of 554954214?
2, 3, 8527, 10847
List the prime factors of 22964968.
2, 13, 439, 503
List the prime factors of 49705238.
2, 11, 2259329
List the prime factors of 679172057.
43, 15794699
List the prime factors of 148384771.
148384771
List the prime factors of 401986368.
2, 3, 7, 167, 199
List the prime factors of 216662688.
2, 3, 11, 17, 149
What are the prime factors of 1189942477?
79, 359, 41957
List the prime factors of 2325652670.
2, 5, 11, 1922027
List the prime factors of 92864627.
92864627
What are the prime factors of 1372876502?
2, 19, 97, 19603
List the prime factors of 1428037298.
2, 17, 41, 59, 97, 179
List the prime factors of 882464801.
2647, 333383
What are the prime factors of 385311801?
3, 7, 23, 797747
What are the prime factors of 36487073?
7, 137, 38047
What are the prime factors of 248798500?
2, 5, 497597
What are the prime factors of 500961122?
2, 250480561
List the prime factors of 71027486.
2, 43, 19207
What are the prime factors of 444478173?
3, 148159391
List the prime factors of 58090671.
3, 6454519
List the prime factors of 814107600.
2, 3, 5, 226141
What are the prime factors of 6819674556?
2, 3, 568306213
What are the prime factors of 3965922255?
3, 5, 3457, 76481
What are the prime factors of 690743116?
2, 7, 17, 31, 46811
List the prime factors of 15751484.
2, 7, 359, 1567
What are the prime factors of 1689988139?
7, 17, 1621, 8761
What are the prime factors of 715663116?
2, 3, 7, 2839933
What are the prime factors of 1356228112?
2, 84764257
List the prime factors of 240148263.
3, 80049421
List the prime factors of 184674832.
2, 19, 613, 991
What are the prime factors of 1104268393?
6491, 170123
List the prime factors of 75328897.
7, 307, 35053
List the prime factors of 593179533.
3, 65908837
List the prime factors of 201273300.
2, 3, 5, 223637
List the prime factors of 194187134.
2, 1879, 51673
What are the prime factors of 1108784273?
19, 67, 871001
List the prime factors of 205785763.
10091, 20393
What are the prime factors of 85699050?
2, 3, 5, 307, 1861
List the prime factors of 112713538.
2, 7, 8050967
What are the prime factors of 503775423?
3, 18658349
List the prime factors of 21840740.
2, 5, 31, 35227
List the prime factors of 89564581.
251, 356831
What are the prime factors of 67007016?
2, 3, 930653
List the prime factors of 194148676.
2, 911, 53279
List the prime factors of 121867140.
2, 3, 5, 19, 53, 2017
What are the prime factors of 69971503?
7, 1979, 5051
What are the prime factors of 557009819?
10867, 51257
List the prime factors of 51005086.
2, 11, 79, 29347
List the prime factors of 60348560.
2, 5, 19, 39703
List the prime factors of 83316526.
2, 37, 1125899
List the prime factors of 306823269.
3, 102274423
What are the prime factors of 640200836?
2, 11, 227, 5827
What are the prime factors of 2981605620?
2, 3, 5, 7, 109, 65129
What are the prime factors of 321026162?
2, 149, 691, 1559
What are the prime factors of 1243980163?
5437, 228799
What are the prime factors of 6669986?
2, 373, 8941
List the prime factors of 77492291.
941, 82351
List the prime factors of 124576414.
2, 31, 47, 42751
List the prime factors of 162814745.
5, 32562949
What are the prime factors of 1067322556?
2, 266830639
List the prime factors of 145335630.
2, 3, 5, 11, 37, 11903
List the prime factors of 397136592.
2, 3, 17, 162229
List the prime factors of 675801031.
675801031
What are the prime factors of 4250064698?
2, 11, 193184759
List the prime factors of 88473212.
2, 977, 22639
List the prime factors of 205403515.
5, 701, 58603
List the prime factors of 631297671.
3, 31, 6788147
What are the prime factors of 104837803?
7, 229, 9343
List the prime factors of 647667141.
3, 11, 311, 5737
List the prime factors of 111286951.
101, 1101851
What are the prime factors of 843279341?
401, 2102941
What are the prime factors of 400297542?
2, 3, 101, 660557
What are the prime factors of 940070723?
5227, 179849
List the prime factors of 322051903.
53, 307, 19793
List the prime factors of 2450689682.
2, 7, 181, 193, 5011
List the prime factors of 76382142.
2, 3, 151, 84307
List the prime factors of 73707751.
13, 5669827
List the prime factors of 66735244.
2, 16683811
What are the prime factors of 609628765?
5, 137, 547, 1627
What are the prime factors of 501362747?
19, 26387513
What are the prime factors of 19154803?
47, 151, 2699
List the prime factors of 7232214.
2, 3, 11, 109579
List the prime factors of 42610369.
19, 2242651
What are the prime factors of 164335827?
3, 59, 191, 4861
What are the prime factors of 163441977?
3, 59, 257, 3593
What are the prime factors of 112844308?
2, 2393, 11789
List the prime factors of 20365105.
5, 29, 140449
What are the prime factors of 5103029440?
2, 5, 173, 92179
What are the prime factors of 101905053?
3, 33968351
What are the prime factors of 778323133?
7, 139, 799921
What are the prime factors of 4510123301?
191, 4231, 5581
List the prime factors of 3152717414.
2, 7, 11, 20472191
List the prime factors of 85898363.
85898363
List the prime factors of 335407885.
5, 67081577
What are the prime factors of 27832083?
3, 29, 233, 1373
What are the prime factors of 9136172299?
331, 27601729
List the prime factors of 1390579720.
2, 5, 34764493
List the prime factors of 47031837.
3, 15677279
List the prime factors of 727670775.
3, 5, 13, 746329
List the prime factors of 1698198703.
61, 27839323
List the prime factors of 51107333.
83, 615751
What are the prime factors of 66304701?
3, 29, 254041
What are the prime factors of 781737389?
781737389
What are the prime factors of 1985923789?
1985923789
List the prime factors of 182188020.
2, 3, 5, 7, 433781
What are the prime factors of 1924046195?
5, 263, 1463153
List the prime factors of 652429090.
2, 5, 47, 419, 3313
List the prime factors of 560165272.
2, 773, 90583
What are the prime factors of 22983858?
2, 3, 157, 2711
List the prime factors of 52709889.
3, 31, 47, 389
List the prime factors of 237375214.
2, 1777, 66791
What are the prime factors of 2027257020?
2, 3, 5, 11262539
What are the prime factors of 155874115?
5, 149, 209227
What are the prime factors of 1990907557?
6529, 304933
List the prime factors of 635072816.
2, 7, 137, 41389
What are the prime factors of 2986768545?
3, 5, 67, 2971909
What are the prime factors of 389265693?
3, 129755231
What are the prime factors of 1262132533?
67, 18837799
List the prime factors of 2218142543.
2218142543
List the prime factors of 596904997.
13, 353, 130073
List the prime factors of 315959784.
2, 3, 7, 263, 7151
What are the prime factors of 220482127?
79, 631, 4423
List the prime factors of 804369839.
7, 13, 29, 43543
List the prime factors of 2261616794.
2, 17, 29, 2293729
What are the prime factors of 82628363?
37, 2233199
What are the prime factors of 109769826?
2, 3, 18294971
List the prime factors of 44727462.
2, 3, 13, 191143
List the prime factors of 201054183.
3, 11, 2281, 2671
What are the prime factors of 447414772?
2, 7, 17, 55291
List the prime factors of 236590159.
13, 18199243
List the prime factors of 932204880.
2, 3, 5, 1294729
List the prime factors of 64711182.
2, 3, 191, 56467
List the prime factors of 21633366.
2, 3, 3605561
What are the prime factors of 7717954?
2, 313, 12329
List the prime factors of 734382887.
7, 1447, 72503
What are the prime factors of 175843638?
2, 3, 47, 347, 599
What are the prime factors of 1940614265?
5, 5441, 71333
List the prime factors of 178531442.
2, 43, 2075947
List the prime factors of 578262024.
2, 3, 421, 6359
List the prime factors of 4054393394.
2, 19, 106694563
List the prime factors of 183955430.
2, 5, 631,